{"id":2079,"date":"2018-02-26T18:21:39","date_gmt":"2018-02-26T17:21:39","guid":{"rendered":"http:\/\/nms-graz-stjohann.at\/cms\/?page_id=2079"},"modified":"2023-10-09T14:20:10","modified_gmt":"2023-10-09T12:20:10","slug":"herzlich-willkommen-an-der-ms-graz-st-johann","status":"publish","type":"page","link":"https:\/\/ms-graz-stjohann.at\/cms\/unsere-schule\/herzlich-willkommen-an-der-ms-graz-st-johann\/","title":{"rendered":"Herzlich Willkommen an der MS Graz-St. Johann"},"content":{"rendered":"<div id=\"pl-2079\"  class=\"panel-layout\" ><div id=\"pg-2079-0\"  class=\"panel-grid panel-no-style\" ><div id=\"pgc-2079-0-0\"  class=\"panel-grid-cell\" ><div id=\"panel-2079-0-0-0\" class=\"so-panel widget widget_sow-editor panel-first-child\" data-index=\"0\" ><div\n\t\t\t\n\t\t\tclass=\"so-widget-sow-editor so-widget-sow-editor-base\"\n\t\t\t\n\t\t>\n<div class=\"siteorigin-widget-tinymce textwidget\">\n\t<p>Die Schule im Gr\u00fcnen - so ist das Motto unserer Schule im ruhigen Mariatrost. Ein gro\u00dfer Schulgarten mit Gem\u00fcsegarten, der Leechwald, sowie Mariatrosterbach und Rettenbachklamm sind nur einige der Gr\u00fcnde, warum unsere Schule diesen Namen verdient hat. Doch das ist nur eine unserer Besonderheiten. Neben einem Schwerpunkt in Naturwissenschaften mit einem eigenen Freiluftlabor, sind wir seit vielen Jahren Spezialist f\u00fcr Geb\u00e4rdensprache. Im folgenden Video m\u00f6chten die Sch\u00fclerinnen und Sch\u00fcler die MS Graz-St. Johann kurz vorstellen.<\/p>\n<\/div>\n<\/div><\/div><div id=\"panel-2079-0-0-1\" class=\"so-panel widget widget_siteorigin-panels-builder panel-last-child\" data-index=\"1\" ><div id=\"pl-w5dcaf7ec02ab0\"  class=\"panel-layout\" ><div id=\"pg-w5dcaf7ec02ab0-0\"  class=\"panel-grid panel-no-style\" ><div id=\"pgc-w5dcaf7ec02ab0-0-0\"  class=\"panel-grid-cell\" ><div id=\"panel-w5dcaf7ec02ab0-0-0-0\" class=\"so-panel widget widget_media_video panel-first-child panel-last-child\" data-index=\"0\" ><div style=\"width:100%;\" class=\"wp-video\"><video class=\"wp-video-shortcode\" id=\"video-2079-1\" preload=\"metadata\" controls=\"controls\"><source type=\"video\/mp4\" src=\"https:\/\/ms-graz-stjohann.at\/cms\/wp-content\/uploads\/2019\/11\/Video-St.Johann-Homepage-fertig-Untertitel-komprimiert.mp4?_=1\" \/><source type=\"video\/mp4\" src=\"http:\/\/nms-graz-stjohann.at\/cms\/wp-content\/uploads\/2019\/11\/Video-St.Johann-Homepage-fertig-Untertitel-komprimiert.mp4?_=1\" \/><a href=\"https:\/\/ms-graz-stjohann.at\/cms\/wp-content\/uploads\/2019\/11\/Video-St.Johann-Homepage-fertig-Untertitel-komprimiert.mp4\">https:\/\/ms-graz-stjohann.at\/cms\/wp-content\/uploads\/2019\/11\/Video-St.Johann-Homepage-fertig-Untertitel-komprimiert.mp4<\/a><\/video><\/div><\/div><\/div><\/div><\/div><\/div><\/div><\/div><\/div>","protected":false},"excerpt":{"rendered":"<p>Die Schule im Gr\u00fcnen &#8211; so ist das Motto unserer Schule im ruhigen Mariatrost. Ein gro\u00dfer Schulgarten mit Gem\u00fcsegarten, der Leechwald, sowie Mariatrosterbach und Rettenbachklamm sind nur einige der Gr\u00fcnde, warum unsere Schule diesen Namen verdient hat. Doch das ist nur eine unserer Besonderheiten. Neben einem Schwerpunkt in Naturwissenschaften mit einem eigenen Freiluftlabor, sind wir [&hellip;]<\/p>\n","protected":false},"author":2,"featured_media":0,"parent":6,"menu_order":0,"comment_status":"closed","ping_status":"closed","template":"","meta":{"_uag_custom_page_level_css":"","footnotes":""},"class_list":["post-2079","page","type-page","status-publish","czr-hentry"],"uagb_featured_image_src":{"full":false,"thumbnail":false,"medium":false,"medium_large":false,"large":false,"1536x1536":false,"2048x2048":false,"tc-grid-full":false,"tc-grid":false,"tc-thumb":false,"slider-full":false,"slider":false,"tc-sq-thumb":false,"tc-ws-thumb":false,"tc-ws-small-thumb":false,"tc-slider-small":false,"sow-carousel-default":false},"uagb_author_info":{"display_name":"Christina-Karola Wurm","author_link":"https:\/\/ms-graz-stjohann.at\/cms\/author\/christina-wurm\/"},"uagb_comment_info":0,"uagb_excerpt":"Die Schule im Gr\u00fcnen - so ist das Motto unserer Schule im ruhigen Mariatrost. Ein gro\u00dfer Schulgarten mit Gem\u00fcsegarten, der Leechwald, sowie Mariatrosterbach und Rettenbachklamm sind nur einige der Gr\u00fcnde, warum unsere Schule diesen Namen verdient hat. Doch das ist nur eine unserer Besonderheiten. Neben einem Schwerpunkt in Naturwissenschaften mit einem eigenen Freiluftlabor, sind wir&hellip;","_links":{"self":[{"href":"https:\/\/ms-graz-stjohann.at\/cms\/wp-json\/wp\/v2\/pages\/2079","targetHints":{"allow":["GET"]}}],"collection":[{"href":"https:\/\/ms-graz-stjohann.at\/cms\/wp-json\/wp\/v2\/pages"}],"about":[{"href":"https:\/\/ms-graz-stjohann.at\/cms\/wp-json\/wp\/v2\/types\/page"}],"author":[{"embeddable":true,"href":"https:\/\/ms-graz-stjohann.at\/cms\/wp-json\/wp\/v2\/users\/2"}],"replies":[{"embeddable":true,"href":"https:\/\/ms-graz-stjohann.at\/cms\/wp-json\/wp\/v2\/comments?post=2079"}],"version-history":[{"count":10,"href":"https:\/\/ms-graz-stjohann.at\/cms\/wp-json\/wp\/v2\/pages\/2079\/revisions"}],"predecessor-version":[{"id":8169,"href":"https:\/\/ms-graz-stjohann.at\/cms\/wp-json\/wp\/v2\/pages\/2079\/revisions\/8169"}],"up":[{"embeddable":true,"href":"https:\/\/ms-graz-stjohann.at\/cms\/wp-json\/wp\/v2\/pages\/6"}],"wp:attachment":[{"href":"https:\/\/ms-graz-stjohann.at\/cms\/wp-json\/wp\/v2\/media?parent=2079"}],"curies":[{"name":"wp","href":"https:\/\/api.w.org\/{rel}","templated":true}]}}