{"id":48,"date":"2017-06-26T17:08:42","date_gmt":"2017-06-26T15:08:42","guid":{"rendered":"http:\/\/nms-graz-stjohann.at\/cms\/?page_id=48"},"modified":"2024-03-11T15:29:35","modified_gmt":"2024-03-11T14:29:35","slug":"integration","status":"publish","type":"page","link":"https:\/\/ms-graz-stjohann.at\/cms\/schuelerinnen\/integration\/","title":{"rendered":"Integration"},"content":{"rendered":"<p>Die MS Graz St. Johann hat schon eine 10-j\u00e4hrige Erfahrung mit Integrationsklassen. F\u00fcr uns ist seit Beginn an oberste Priorit\u00e4t gewesen: Wir \u201eintegrieren\u201c Gruppen von Kindern mit sonderp\u00e4dagogischem F\u00f6rderbedarf in unseren Klassen. Warum jetzt aber der Wechsel vom Begriff Integration zu Inklusion?<\/p>\n<p>Der zu Grunde liegende Gedanke: Nicht nur Kinder mit einem ausgewiesenen Defizit haben besondere Bed\u00fcrfnisse und F\u00e4higkeiten. Das hochbegabte Kind hat das gleiche Recht auf spezielle F\u00f6rderung wie das behinderte oder beeintr\u00e4chtigte. Inklusion bedeutet eben, alle F\u00e4higkeiten und Bed\u00fcrfnisse aller Kinder im Auge zu behalten, mit einzuschlie\u00dfen, zu \u201einkludieren\u201c.<\/p>\n<p>Da viele von uns schwerpunktm\u00e4\u00dfig H\u00f6rgesch\u00e4digtenp\u00e4dagogInnen sind, f\u00f6rdern wir professionell Kinder mit H\u00f6r- und Sprachdefiziten. F\u00fcr geh\u00f6rlose Kinder kommt daher \u2013 falls n\u00f6tig \u2013 auch die Geb\u00e4rdensprache zum Einsatz. Neuank\u00f6mmlinge aus dem Ausland werden in unseren Deutschf\u00f6rderklassen\u00a0sprachlich betreut.<\/p>\n<p>Ein Satz zum Abschluss: Alle Gespr\u00e4che, Diskussionen auch R\u00fcckschl\u00e4ge haben uns gest\u00e4rkt und wir m\u00f6chten keinen Schritt zur\u00fcckgehen. Wir sind mit unseren MS-KollegInnen ein starkes Team geworden.<\/p>\n","protected":false},"excerpt":{"rendered":"<p>Die MS Graz St. Johann hat schon eine 10-j\u00e4hrige Erfahrung mit Integrationsklassen. F\u00fcr uns ist seit Beginn an oberste Priorit\u00e4t gewesen: Wir \u201eintegrieren\u201c Gruppen von Kindern mit sonderp\u00e4dagogischem F\u00f6rderbedarf in unseren Klassen. Warum jetzt aber der Wechsel vom Begriff Integration zu Inklusion? Der zu Grunde liegende Gedanke: Nicht nur Kinder mit einem ausgewiesenen Defizit haben [&hellip;]<\/p>\n","protected":false},"author":1,"featured_media":1073,"parent":44,"menu_order":1,"comment_status":"closed","ping_status":"closed","template":"","meta":{"_uag_custom_page_level_css":"","footnotes":""},"class_list":["post-48","page","type-page","status-publish","has-post-thumbnail","czr-hentry"],"uagb_featured_image_src":{"full":["https:\/\/ms-graz-stjohann.at\/cms\/wp-content\/uploads\/2017\/06\/pexels-photo-515168.jpeg",6000,4004,false],"thumbnail":["https:\/\/ms-graz-stjohann.at\/cms\/wp-content\/uploads\/2017\/06\/pexels-photo-515168-150x150.jpeg",150,150,true],"medium":["https:\/\/ms-graz-stjohann.at\/cms\/wp-content\/uploads\/2017\/06\/pexels-photo-515168-300x200.jpeg",300,200,true],"medium_large":["https:\/\/ms-graz-stjohann.at\/cms\/wp-content\/uploads\/2017\/06\/pexels-photo-515168-768x513.jpeg",768,513,true],"large":["https:\/\/ms-graz-stjohann.at\/cms\/wp-content\/uploads\/2017\/06\/pexels-photo-515168-1024x683.jpeg",1024,683,true],"1536x1536":["https:\/\/ms-graz-stjohann.at\/cms\/wp-content\/uploads\/2017\/06\/pexels-photo-515168.jpeg",1536,1025,false],"2048x2048":["https:\/\/ms-graz-stjohann.at\/cms\/wp-content\/uploads\/2017\/06\/pexels-photo-515168.jpeg",2048,1367,false],"tc-grid-full":["https:\/\/ms-graz-stjohann.at\/cms\/wp-content\/uploads\/2017\/06\/pexels-photo-515168-1110x444.jpeg",1110,444,true],"tc-grid":["https:\/\/ms-graz-stjohann.at\/cms\/wp-content\/uploads\/2017\/06\/pexels-photo-515168-570x350.jpeg",570,350,true],"tc-thumb":["https:\/\/ms-graz-stjohann.at\/cms\/wp-content\/uploads\/2017\/06\/pexels-photo-515168-270x250.jpeg",270,250,true],"slider-full":["https:\/\/ms-graz-stjohann.at\/cms\/wp-content\/uploads\/2017\/06\/pexels-photo-515168-6000x325.jpeg",6000,325,true],"slider":["https:\/\/ms-graz-stjohann.at\/cms\/wp-content\/uploads\/2017\/06\/pexels-photo-515168-1110x325.jpeg",1110,325,true],"tc-sq-thumb":["https:\/\/ms-graz-stjohann.at\/cms\/wp-content\/uploads\/2017\/06\/pexels-photo-515168-510x510.jpeg",510,510,true],"tc-ws-thumb":["https:\/\/ms-graz-stjohann.at\/cms\/wp-content\/uploads\/2017\/06\/pexels-photo-515168-1110x624.jpeg",1110,624,true],"tc-ws-small-thumb":["https:\/\/ms-graz-stjohann.at\/cms\/wp-content\/uploads\/2017\/06\/pexels-photo-515168-528x297.jpeg",528,297,true],"tc-slider-small":["https:\/\/ms-graz-stjohann.at\/cms\/wp-content\/uploads\/2017\/06\/pexels-photo-515168-517x152.jpeg",517,152,true],"sow-carousel-default":["https:\/\/ms-graz-stjohann.at\/cms\/wp-content\/uploads\/2017\/06\/pexels-photo-515168-272x182.jpeg",272,182,true]},"uagb_author_info":{"display_name":"gesc","author_link":"https:\/\/ms-graz-stjohann.at\/cms\/author\/gesc\/"},"uagb_comment_info":0,"uagb_excerpt":"Die MS Graz St. Johann hat schon eine 10-j\u00e4hrige Erfahrung mit Integrationsklassen. F\u00fcr uns ist seit Beginn an oberste Priorit\u00e4t gewesen: Wir \u201eintegrieren\u201c Gruppen von Kindern mit sonderp\u00e4dagogischem F\u00f6rderbedarf in unseren Klassen. Warum jetzt aber der Wechsel vom Begriff Integration zu Inklusion? Der zu Grunde liegende Gedanke: Nicht nur Kinder mit einem ausgewiesenen Defizit haben&hellip;","_links":{"self":[{"href":"https:\/\/ms-graz-stjohann.at\/cms\/wp-json\/wp\/v2\/pages\/48","targetHints":{"allow":["GET"]}}],"collection":[{"href":"https:\/\/ms-graz-stjohann.at\/cms\/wp-json\/wp\/v2\/pages"}],"about":[{"href":"https:\/\/ms-graz-stjohann.at\/cms\/wp-json\/wp\/v2\/types\/page"}],"author":[{"embeddable":true,"href":"https:\/\/ms-graz-stjohann.at\/cms\/wp-json\/wp\/v2\/users\/1"}],"replies":[{"embeddable":true,"href":"https:\/\/ms-graz-stjohann.at\/cms\/wp-json\/wp\/v2\/comments?post=48"}],"version-history":[{"count":10,"href":"https:\/\/ms-graz-stjohann.at\/cms\/wp-json\/wp\/v2\/pages\/48\/revisions"}],"predecessor-version":[{"id":8410,"href":"https:\/\/ms-graz-stjohann.at\/cms\/wp-json\/wp\/v2\/pages\/48\/revisions\/8410"}],"up":[{"embeddable":true,"href":"https:\/\/ms-graz-stjohann.at\/cms\/wp-json\/wp\/v2\/pages\/44"}],"wp:featuredmedia":[{"embeddable":true,"href":"https:\/\/ms-graz-stjohann.at\/cms\/wp-json\/wp\/v2\/media\/1073"}],"wp:attachment":[{"href":"https:\/\/ms-graz-stjohann.at\/cms\/wp-json\/wp\/v2\/media?parent=48"}],"curies":[{"name":"wp","href":"https:\/\/api.w.org\/{rel}","templated":true}]}}

<p>Die MS Graz St. Johann hat schon eine 10-jährige Erfahrung mit Integrationsklassen. Für uns ist seit Beginn an oberste Priorität gewesen: Wir „integrieren“ Gruppen von Kindern mit sonderpädagogischem Förderbedarf in unseren Klassen. Warum jetzt aber der Wechsel vom Begriff Integration zu Inklusion?</p>
<p>Der zu Grunde liegende Gedanke: Nicht nur Kinder mit einem ausgewiesenen Defizit haben besondere Bedürfnisse und Fähigkeiten. Das hochbegabte Kind hat das gleiche Recht auf spezielle Förderung wie das behinderte oder beeinträchtigte. Inklusion bedeutet eben, alle Fähigkeiten und Bedürfnisse aller Kinder im Auge zu behalten, mit einzuschließen, zu „inkludieren“.</p>
<p>Da viele von uns schwerpunktmäßig HörgeschädigtenpädagogInnen sind, fördern wir professionell Kinder mit Hör- und Sprachdefiziten. Für gehörlose Kinder kommt daher – falls nötig – auch die Gebärdensprache zum Einsatz. Neuankömmlinge aus dem Ausland werden in unseren Deutschförderklassen sprachlich betreut.</p>
<p>Ein Satz zum Abschluss: Alle Gespräche, Diskussionen auch Rückschläge haben uns gestärkt und wir möchten keinen Schritt zurückgehen. Wir sind mit unseren MS-KollegInnen ein starkes Team geworden.</p>

<p>Die MS Graz St. Johann hat schon eine 10-jährige Erfahrung mit Integrationsklassen. Für uns ist seit Beginn an oberste Priorität gewesen: Wir „integrieren“ Gruppen von Kindern mit sonderpädagogischem Förderbedarf in unseren Klassen. Warum jetzt aber der Wechsel vom Begriff Integration zu Inklusion? Der zu Grunde liegende Gedanke: Nicht nur Kinder mit einem ausgewiesenen Defizit haben [&hellip;]</p>

Die MS Graz St. Johann hat schon eine 10-jährige Erfahrung mit Integrationsklassen. Für uns ist seit Beginn an oberste Priorität gewesen: Wir „integrieren“ Gruppen von Kindern mit sonderpädagogischem Förderbedarf in unseren Klassen. Warum jetzt aber der Wechsel vom Begriff Integration zu Inklusion? Der zu Grunde liegende Gedanke: Nicht nur Kinder mit einem ausgewiesenen Defizit haben&hellip;
