{"id":8831,"date":"2025-05-18T23:01:09","date_gmt":"2025-05-18T21:01:09","guid":{"rendered":"https:\/\/ms-graz-stjohann.at\/cms\/?page_id=8831"},"modified":"2025-05-18T23:04:57","modified_gmt":"2025-05-18T21:04:57","slug":"persoenlichkeitsschmiede","status":"publish","type":"page","link":"https:\/\/ms-graz-stjohann.at\/cms\/beratung-unterstuetzung\/persoenlichkeitsschmiede\/","title":{"rendered":"Pers\u00f6nlichkeitsschmiede"},"content":{"rendered":"<p><span class=\"TextRun SCXW233403081 BCX0\" lang=\"DE-AT\" xml:lang=\"DE-AT\" data-contrast=\"none\"><span class=\"NormalTextRun SCXW233403081 BCX0\">Ausgew\u00e4hlte Sch\u00fcler und Sch\u00fclerinnen werden in einer Kleingruppe unterrichtet. <span class=\"TextRun SCXW139717920 BCX0\" lang=\"DE-AT\" xml:lang=\"DE-AT\" data-contrast=\"none\"><span class=\"NormalTextRun SCXW139717920 BCX0\">Die Pers\u00f6nlichkeitsschmiede wird in mehreren Bl\u00f6cken im Schuljahr angeboten. <\/span><\/span><\/span><\/span><span class=\"TextRun SCXW233403081 BCX0\" lang=\"DE-AT\" xml:lang=\"DE-AT\" data-contrast=\"none\"><span class=\"NormalTextRun SCXW233403081 BCX0\"><span class=\"TextRun SCXW139717920 BCX0\" lang=\"DE-AT\" xml:lang=\"DE-AT\" data-contrast=\"none\"><span class=\"NormalTextRun SCXW139717920 BCX0\">Ein Block dauert 10 Wochen. Pro Woche und Gruppe werden zwei Stunden durchgef\u00fchrt.<\/span><\/span><\/span><\/span><\/p>\n<p><span class=\"TextRun SCXW205789374 BCX0\" lang=\"DE-AT\" xml:lang=\"DE-AT\" data-contrast=\"none\"><span class=\"NormalTextRun SCXW205789374 BCX0\">Das Ziel dieser Intervention ist, eine passende Kommu<\/span><span class=\"NormalTextRun SCXW205789374 BCX0\">nikationskultur innerhalb eines gesch\u00fctzten Raumes zu schaffen. <\/span><span class=\"NormalTextRun SCXW205789374 BCX0\">Es wird <\/span><span class=\"NormalTextRun SCXW205789374 BCX0\">die <\/span><span class=\"NormalTextRun SCXW205789374 BCX0\">M\u00f6glichkeit ge<\/span><span class=\"NormalTextRun SCXW205789374 BCX0\">geb<\/span><span class=\"NormalTextRun SCXW205789374 BCX0\">en, ein vern\u00fcnftiges Gespr\u00e4ch zwischen unterschiedlichen Parteien sta<\/span><span class=\"NormalTextRun SCXW205789374 BCX0\">ttfinden zu lassen. Dies wird durch die Betreuung und Moderation einer Lehrperson erm\u00f6glicht. Durch regelm\u00e4\u00dfige thematische Inputs werden die Sch\u00fcler und S<\/span><span class=\"NormalTextRun SCXW205789374 BCX0\">ch\u00fclerinnen dem Ziel <\/span><span class=\"NormalTextRun SCXW205789374 BCX0\">n\u00e4hergebracht<\/span><span class=\"NormalTextRun SCXW205789374 BCX0\">.<\/span><\/span><span class=\"EOP SCXW205789374 BCX0\" data-ccp-props=\"{&quot;134233117&quot;:false,&quot;134233118&quot;:false,&quot;201341983&quot;:0,&quot;335551550&quot;:1,&quot;335551620&quot;:1,&quot;335559685&quot;:0,&quot;335559731&quot;:0,&quot;335559737&quot;:0,&quot;335559738&quot;:0,&quot;335559739&quot;:160,&quot;335559740&quot;:360}\">\u00a0<\/span><\/p>\n","protected":false},"excerpt":{"rendered":"<p>Ausgew\u00e4hlte Sch\u00fcler und Sch\u00fclerinnen werden in einer Kleingruppe unterrichtet. Die Pers\u00f6nlichkeitsschmiede wird in mehreren Bl\u00f6cken im Schuljahr angeboten. Ein Block dauert 10 Wochen. Pro Woche und Gruppe werden zwei Stunden durchgef\u00fchrt. Das Ziel dieser Intervention ist, eine passende Kommunikationskultur innerhalb eines gesch\u00fctzten Raumes zu schaffen. Es wird die M\u00f6glichkeit gegeben, ein vern\u00fcnftiges Gespr\u00e4ch zwischen unterschiedlichen [&hellip;]<\/p>\n","protected":false},"author":4,"featured_media":8845,"parent":8873,"menu_order":7,"comment_status":"closed","ping_status":"closed","template":"","meta":{"_uag_custom_page_level_css":"","footnotes":""},"class_list":["post-8831","page","type-page","status-publish","has-post-thumbnail","czr-hentry"],"uagb_featured_image_src":{"full":["https:\/\/ms-graz-stjohann.at\/cms\/wp-content\/uploads\/2022\/03\/studenten-die-einer-studiengruppe-arbeiten-scaled.jpg",2560,1706,false],"thumbnail":["https:\/\/ms-graz-stjohann.at\/cms\/wp-content\/uploads\/2022\/03\/studenten-die-einer-studiengruppe-arbeiten-150x150.jpg",150,150,true],"medium":["https:\/\/ms-graz-stjohann.at\/cms\/wp-content\/uploads\/2022\/03\/studenten-die-einer-studiengruppe-arbeiten-300x200.jpg",300,200,true],"medium_large":["https:\/\/ms-graz-stjohann.at\/cms\/wp-content\/uploads\/2022\/03\/studenten-die-einer-studiengruppe-arbeiten-768x512.jpg",768,512,true],"large":["https:\/\/ms-graz-stjohann.at\/cms\/wp-content\/uploads\/2022\/03\/studenten-die-einer-studiengruppe-arbeiten-1024x683.jpg",1024,683,true],"1536x1536":["https:\/\/ms-graz-stjohann.at\/cms\/wp-content\/uploads\/2022\/03\/studenten-die-einer-studiengruppe-arbeiten-1536x1024.jpg",1536,1024,true],"2048x2048":["https:\/\/ms-graz-stjohann.at\/cms\/wp-content\/uploads\/2022\/03\/studenten-die-einer-studiengruppe-arbeiten-2048x1365.jpg",2048,1365,true],"tc-grid-full":["https:\/\/ms-graz-stjohann.at\/cms\/wp-content\/uploads\/2022\/03\/studenten-die-einer-studiengruppe-arbeiten-1110x444.jpg",1110,444,true],"tc-grid":["https:\/\/ms-graz-stjohann.at\/cms\/wp-content\/uploads\/2022\/03\/studenten-die-einer-studiengruppe-arbeiten-570x350.jpg",570,350,true],"tc-thumb":["https:\/\/ms-graz-stjohann.at\/cms\/wp-content\/uploads\/2022\/03\/studenten-die-einer-studiengruppe-arbeiten-270x250.jpg",270,250,true],"slider-full":["https:\/\/ms-graz-stjohann.at\/cms\/wp-content\/uploads\/2022\/03\/studenten-die-einer-studiengruppe-arbeiten-5000x325.jpg",5000,325,true],"slider":["https:\/\/ms-graz-stjohann.at\/cms\/wp-content\/uploads\/2022\/03\/studenten-die-einer-studiengruppe-arbeiten-1110x325.jpg",1110,325,true],"tc-sq-thumb":["https:\/\/ms-graz-stjohann.at\/cms\/wp-content\/uploads\/2022\/03\/studenten-die-einer-studiengruppe-arbeiten-510x510.jpg",510,510,true],"tc-ws-thumb":["https:\/\/ms-graz-stjohann.at\/cms\/wp-content\/uploads\/2022\/03\/studenten-die-einer-studiengruppe-arbeiten-1110x624.jpg",1110,624,true],"tc-ws-small-thumb":["https:\/\/ms-graz-stjohann.at\/cms\/wp-content\/uploads\/2022\/03\/studenten-die-einer-studiengruppe-arbeiten-528x297.jpg",528,297,true],"tc-slider-small":["https:\/\/ms-graz-stjohann.at\/cms\/wp-content\/uploads\/2022\/03\/studenten-die-einer-studiengruppe-arbeiten-517x152.jpg",517,152,true],"sow-carousel-default":["https:\/\/ms-graz-stjohann.at\/cms\/wp-content\/uploads\/2022\/03\/studenten-die-einer-studiengruppe-arbeiten-272x182.jpg",272,182,true]},"uagb_author_info":{"display_name":"Alexander Lehner","author_link":"https:\/\/ms-graz-stjohann.at\/cms\/author\/alexander-lehner\/"},"uagb_comment_info":0,"uagb_excerpt":"Ausgew\u00e4hlte Sch\u00fcler und Sch\u00fclerinnen werden in einer Kleingruppe unterrichtet. Die Pers\u00f6nlichkeitsschmiede wird in mehreren Bl\u00f6cken im Schuljahr angeboten. Ein Block dauert 10 Wochen. Pro Woche und Gruppe werden zwei Stunden durchgef\u00fchrt. Das Ziel dieser Intervention ist, eine passende Kommunikationskultur innerhalb eines gesch\u00fctzten Raumes zu schaffen. Es wird die M\u00f6glichkeit gegeben, ein vern\u00fcnftiges Gespr\u00e4ch zwischen unterschiedlichen&hellip;","_links":{"self":[{"href":"https:\/\/ms-graz-stjohann.at\/cms\/wp-json\/wp\/v2\/pages\/8831","targetHints":{"allow":["GET"]}}],"collection":[{"href":"https:\/\/ms-graz-stjohann.at\/cms\/wp-json\/wp\/v2\/pages"}],"about":[{"href":"https:\/\/ms-graz-stjohann.at\/cms\/wp-json\/wp\/v2\/types\/page"}],"author":[{"embeddable":true,"href":"https:\/\/ms-graz-stjohann.at\/cms\/wp-json\/wp\/v2\/users\/4"}],"replies":[{"embeddable":true,"href":"https:\/\/ms-graz-stjohann.at\/cms\/wp-json\/wp\/v2\/comments?post=8831"}],"version-history":[{"count":3,"href":"https:\/\/ms-graz-stjohann.at\/cms\/wp-json\/wp\/v2\/pages\/8831\/revisions"}],"predecessor-version":[{"id":8884,"href":"https:\/\/ms-graz-stjohann.at\/cms\/wp-json\/wp\/v2\/pages\/8831\/revisions\/8884"}],"up":[{"embeddable":true,"href":"https:\/\/ms-graz-stjohann.at\/cms\/wp-json\/wp\/v2\/pages\/8873"}],"wp:featuredmedia":[{"embeddable":true,"href":"https:\/\/ms-graz-stjohann.at\/cms\/wp-json\/wp\/v2\/media\/8845"}],"wp:attachment":[{"href":"https:\/\/ms-graz-stjohann.at\/cms\/wp-json\/wp\/v2\/media?parent=8831"}],"curies":[{"name":"wp","href":"https:\/\/api.w.org\/{rel}","templated":true}]}}